68
What is the greatest common factor of 26 and 23153?
13
What is the highest common factor of 8277 and 279?
93
Calculate the highest common factor of 363 and 33.
33
Calculate the greatest common factor of 559 and 86.
43
Calculate the greatest common divisor of 42 and 294.
42
What is the greatest common divisor of 675 and 25?
25
What is the greatest common factor of 169 and 13?
13
What is the highest common factor of 275 and 325?
25
What is the highest common factor of 2970 and 540?
270
What is the greatest common divisor of 11 and 539?
11
What is the greatest common divisor of 602 and 14?
14
What is the greatest common divisor of 9000 and 15?
15
Calculate the highest common factor of 3952 and 13.
13
What is the highest common divisor of 72 and 852?
12
What is the greatest common factor of 580 and 60?
20
What is the greatest common factor of 99 and 207?
9
Calculate the highest common factor of 66 and 42504.
66
What is the greatest common factor of 38 and 4?
2
Calculate the highest common divisor of 484 and 1815.
121
Calculate the greatest common factor of 96 and 36.
12
What is the greatest common divisor of 35 and 315?
35
What is the greatest common divisor of 1122 and 132?
66
Calculate the highest common divisor of 1298 and 177.
59
What is the highest common divisor of 90 and 170?
10
Calculate the greatest common divisor of 100 and 480.
20
What is the highest common divisor of 52 and 71396?
52
Calculate the highest common factor of 832 and 65.
13
Calculate the greatest common divisor of 100 and 325.
25
Calculate the highest common factor of 15 and 42.
3
What is the greatest common divisor of 980 and 1078?
98
What is the greatest common factor of 54 and 2160?
54
What is the greatest common factor of 1035 and 45?
45
What is the highest common divisor of 1736 and 616?
56
Calculate the greatest common divisor of 28 and 142.
2
What is the highest common factor of 13 and 2756?
13
Calculate the highest common divisor of 5339 and 19.
19
Calculate the greatest common factor of 8 and 496.
8
What is the greatest common factor of 4 and 2876?
4
Calculate the highest common divisor of 13750 and 30.
10
What is the highest common factor of 133 and 4864?
19
What is the highest common divisor of 468 and 18?
18
What is the highest common factor of 80 and 464?
16
What is the highest common divisor of 116 and 1112?
4
Calculate the highest common divisor of 7925 and 225.
25
What is the greatest common factor of 68 and 272?
68
What is the highest common divisor of 72 and 252?
36
Calculate the highest common factor of 184 and 230.
46
What is the greatest common divisor of 220 and 77?
11
Calculate the greatest common factor of 8 and 1008.
8
Calculate the highest common divisor of 776 and 152.
8
What is the greatest common divisor of 506 and 184?
46
What is the highest common factor of 76 and 19?
19
What is the greatest common divisor of 1005 and 215?
5
What is the greatest common divisor of 305 and 2135?
305
What is the highest common factor of 55 and 95?
5
What is the highest common factor of 8 and 1352?
8
Calculate the greatest common factor of 1582 and 565.
113
What is the greatest common divisor of 25 and 125?
25
What is the highest common factor of 89 and 1?
1
Calculate the highest common divisor of 2185 and 460.
115
What is the highest common divisor of 76 and 532?
76
What is the greatest common factor of 1048 and 64?
8
Calculate the highest common divisor of 5211 and 27.
27
What is the highest common divisor of 154 and 7007?
77
Calculate the highest common divisor of 496 and 434.
62
What is the greatest common factor of 3048 and 24?
24
Calculate the greatest common factor of 228 and 2204.
76
Calculate the greatest common divisor of 459 and 2550.
51
Calculate the greatest common factor of 152 and 3268.
76
What is the greatest common factor of 1144 and 13?
13
Calculate the greatest common divisor of 5 and 4.
1
Calculate the greatest common divisor of 117 and 832.
13
Calculate the highest common factor of 108 and 3456.
108
What is the highest common divisor of 21 and 21?
21
What is the highest common factor of 61 and 61?
61
Calculate the greatest common divisor of 104 and 286.
26
Calculate the greatest common factor of 45 and 2625.
15
Calculate the greatest common factor of 54 and 3474.
18
Calculate the highest common divisor of 104 and 52.
52
Calculate the greatest common factor of 20 and 4440.
20
What is the highest common factor of 4420 and 595?
85
What is the greatest common factor of 17 and 6?
1
Calculate the highest common divisor of 30 and 186.
6
Calculate the greatest common divisor of 580 and 860.
20
What is the highest common factor of 34 and 136?
34
Calculate the highest common divisor of 5680 and 160.
80
What is the highest common divisor of 415 and 15?
5
Calculate the highest common divisor of 5 and 8570.
5
Calculate the highest common factor of 12 and 3108.
12
Calculate the greatest common divisor of 1490 and 10.
10
What is the highest common divisor of 8 and 136?
8
Calculate the greatest common divisor of 2 and 5006.
2
Calculate the highest common divisor of 10 and 230.
10
What is the highest common divisor of 2919 and 1155?
21
Calculate the highest common factor of 18 and 86.
2
What is the highest common divisor of 56 and 189?
7
Calculate the greatest common divisor of 1490 and 80.
10
Calculate the highest common factor of 15993 and 9.
9
Calculate the greatest common factor of 206 and 81782.
206
Calculate the greatest common factor of 11136 and 174.
174
Calculate the greatest common factor of 121 and 7623.
121
Calculate the highest common factor of 12 and 402.
6
What is the greatest common divisor of 95 and 6935?
95
Calculate the highest common factor of 37 and 5069.
37
Calculate the highest common divisor of 33 and 37.
1
Calculate the highest common factor of 196 and 4.
4
Calculate the greatest common divisor of 186 and 18.
6
Calculate the highest common factor of 139 and 27383.
139
What is the highest common divisor of 70 and 4130?
70
What is the highest common divisor of 76 and 19532?
76
Calculate the greatest common factor of 40448 and 158.
158
What is the greatest common divisor of 31 and 341?
31
Calculate the highest common factor of 15 and 115.
5
What is the greatest common factor of 7 and 13230?
7
What is the greatest common divisor of 738 and 288?
18
What is the greatest common divisor of 289 and 17?
17
What is the highest common factor of 12 and 444?
12
Calculate the greatest common factor of 612 and 510.
102
Calculate the greatest common factor of 3127 and 59.
59
Calculate the highest common factor of 126 and 322.
14
What is the greatest common factor of 45 and 5193?
9
What is the highest common divisor of 1258 and 340?
34
What is the greatest common factor of 50 and 6125?
25
Calculate the greatest common factor of 125 and 775.
25
Calculate the highest common divisor of 42 and 357.
21
Calculate the greatest common divisor of 1155 and 495.
165
What is the highest common factor of 23664 and 102?
102
What is the greatest common divisor of 63 and 427?
7
What is the highest common divisor of 580 and 60?
20
What is the highest common factor of 237 and 33?
3
What is the highest common factor of 70 and 160?
10
Calculate the highest common factor of 18766 and 22.
22
What is the highest common factor of 153 and 34?
17
Calculate the highest common divisor of 242 and 44.
22
What is the greatest common factor of 53 and 3?
1
What is the highest common divisor of 105 and 245?
35
Calculate the greatest common divisor of 11917 and 17.
17
Calculate the highest common divisor of 3287 and 692.
173
Calculate the highest common factor of 1107 and 27.
27
What is the greatest common divisor of 1257 and 9?
3
What is the greatest common divisor of 24 and 27?
3
What is the highest common divisor of 1513 and 2047?
89
Calculate the highest common factor of 1967 and 843.
281
Calculate the highest common divisor of 15330 and 1050.
210
What is the highest common factor of 114 and 3154?
38
What is the greatest common divisor of 29 and 13050?
29
What is the greatest common factor of 114 and 2451?
57
Calculate the highest common factor of 4753 and 196.
49
What is the greatest common divisor of 1377 and 51?
51
Calculate the highest common factor of 50 and 5.
5
What i